hat is the greatest common factor of 13482 and 195683526?
1926
Calculate the highest common divisor of 176 and 1263097.
11
Calculate the highest common divisor of 88618 and 2014182.
1502
What is the greatest common factor of 596465 and 1305?
5
What is the highest common divisor of 10365 and 24174635?
3455
What is the greatest common factor of 26325 and 843488100?
8775
Calculate the greatest common factor of 33739070 and 40.
10
Calculate the highest common factor of 96331395 and 1290.
645
What is the highest common factor of 4299992 and 34748?
292
What is the greatest common factor of 4037869 and 87384?
3641
Calculate the highest common divisor of 249384550 and 13325.
1025
What is the highest common divisor of 39932741 and 7415?
1483
Calculate the highest common divisor of 79025 and 7921350.
725
What is the highest common factor of 1888590 and 163515?
165
Calculate the greatest common divisor of 18735 and 17565.
15
What is the greatest common factor of 10076 and 7165868?
916
What is the greatest common divisor of 4739478 and 222?
222
What is the greatest common factor of 86 and 4385745096?
86
What is the greatest common divisor of 3219883 and 5089?
727
What is the greatest common factor of 15298082 and 46?
46
Calculate the greatest common divisor of 973 and 257677.
7
Calculate the greatest common factor of 168800 and 2381200.
400
Calculate the greatest common factor of 616448 and 10492.
172
Calculate the highest common divisor of 180 and 493782732.
36
What is the greatest common factor of 78 and 49540582?
26
What is the highest common divisor of 67734172 and 1012?
1012
What is the highest common factor of 2421680 and 112?
16
What is the highest common divisor of 1222 and 1412632?
1222
What is the greatest common divisor of 137557 and 26789?
301
Calculate the greatest common divisor of 23840 and 3621760.
160
What is the highest common divisor of 87854060 and 7840?
980
What is the highest common divisor of 6305 and 83785?
65
Calculate the greatest common divisor of 12346875 and 405.
45
Calculate the highest common factor of 15546950 and 38240.
2390
Calculate the highest common factor of 852487 and 12266.
6133
Calculate the highest common divisor of 223340975 and 286.
143
Calculate the highest common divisor of 356814 and 28638.
774
Calculate the highest common factor of 188589 and 2072.
37
What is the highest common factor of 76524 and 89544?
84
Calculate the greatest common factor of 1891 and 195438632.
1891
Calculate the greatest common factor of 94398876 and 13.
13
Calculate the greatest common factor of 1155 and 204015427.
77
What is the greatest common divisor of 82056 and 35256?
312
Calculate the highest common divisor of 10977 and 48591520.
3659
What is the greatest common divisor of 252 and 961436?
28
What is the greatest common divisor of 97923735 and 105?
105
Calculate the highest common divisor of 3372 and 119668065.
843
What is the greatest common factor of 211507776 and 128?
64
What is the highest common divisor of 98505 and 35585?
55
What is the greatest common factor of 875900 and 310?
10
Calculate the highest common divisor of 45346 and 4319.
7
What is the highest common factor of 3441736 and 87704?
152
Calculate the greatest common divisor of 368 and 5973514.
46
What is the greatest common factor of 440289 and 86498?
709
What is the greatest common factor of 40 and 171428780?
20
Calculate the highest common factor of 30282606 and 4806.
4806
Calculate the highest common factor of 161779816 and 352.
88
What is the highest common divisor of 1236 and 68656092?
1236
What is the highest common factor of 2285122 and 2296?
14
Calculate the greatest common divisor of 24 and 36970072.
8
Calculate the highest common divisor of 29526 and 761978.
518
Calculate the greatest common factor of 212028282 and 3627.
279
What is the highest common divisor of 26004420 and 416?
52
What is the highest common divisor of 45 and 2306091?
3
Calculate the highest common factor of 10191095 and 31.
31
Calculate the greatest common divisor of 614301780 and 24.
12
What is the greatest common divisor of 1259192 and 2624?
328
What is the greatest common factor of 956735 and 88075?
65
What is the greatest common divisor of 25 and 14367335?
5
What is the highest common divisor of 314347 and 629?
17
What is the highest common factor of 2018432 and 51584?
1664
What is the highest common divisor of 127 and 17604?
1
Calculate the greatest common divisor of 128635914 and 132.
66
Calculate the greatest common factor of 292417552 and 553.
553
Calculate the highest common divisor of 210 and 194861814.
42
Calculate the greatest common factor of 16 and 8443237456.
16
Calculate the highest common divisor of 398529672 and 24.
24
What is the highest common factor of 221559296 and 1008?
112
What is the highest common factor of 327678 and 4347?
3
What is the highest common divisor of 1382643 and 5535?
1107
Calculate the greatest common factor of 11232 and 73032.
24
Calculate the highest common divisor of 95419992 and 12.
12
What is the highest common divisor of 2024 and 16063223?
253
Calculate the greatest common factor of 3488216 and 24.
8
Calculate the greatest common divisor of 31519708 and 4884.
1628
What is the highest common factor of 1027573587 and 5697?
5697
What is the greatest common divisor of 113254537 and 135212?
4829
Calculate the greatest common divisor of 29 and 26219625.
29
Calculate the greatest common divisor of 50407 and 402173.
19
What is the highest common divisor of 293183924 and 22?
22
Calculate the highest common divisor of 109549 and 1820332.
433
Calculate the greatest common factor of 980397381 and 501.
501
What is the highest common factor of 309 and 250248?
3
What is the greatest common divisor of 170291 and 4469762?
1507
Calculate the highest common factor of 181608 and 683004.
3948
Calculate the greatest common divisor of 7344 and 661392.
432
Calculate the highest common divisor of 1140 and 71883660.
60
Calculate the highest common factor of 6016353 and 861.
21
What is the highest common divisor of 65 and 12673375?
65
Calculate the greatest common factor of 1549845 and 8892.
9
What is the greatest common divisor of 2098278 and 12831?
273
What is the highest common factor of 18157192 and 11116?
1588
What is the greatest common divisor of 21938 and 279244?
14
What is the greatest common divisor of 701746 and 96406?
2242
Calculate the highest common divisor of 1219 and 732417865.
1219
What is the greatest common divisor of 740664549 and 738?
369
Calculate the greatest common divisor of 10 and 626798150.
10
Calculate the greatest common divisor of 2973970 and 40.
10
Calculate the highest common divisor of 201 and 1303779.
3
What is the greatest common factor of 245823 and 2412?
201
Calculate the highest common divisor of 3003673 and 11.
1
What is the highest common factor of 70 and 124165?
5
What is the greatest common divisor of 156245 and 5585?
5
What is the highest common divisor of 125585997 and 873?
291
Calculate the greatest common factor of 27477 and 2059497.
639
Calculate the highest common divisor of 3735 and 78717615.
1245
What is the highest common divisor of 15297280 and 54112?
608
What is the highest common factor of 112669540 and 4040?
2020
Calculate the highest common divisor of 3740 and 2743460.
340
Calculate the highest common divisor of 3729 and 331155.
33
What is the greatest common divisor of 5 and 13055925?
5
Calculate the highest common factor of 910777 and 161.
161
Calculate the highest common factor of 1944 and 4474008.
216
What is the greatest common divisor of 236 and 3380?
4
Calculate the highest common factor of 1320 and 14154360.
1320
Calculate the greatest common factor of 2999156 and 28598.
158
Calculate the highest common factor of 2695 and 76945.
55
Calculate the greatest common divisor of 67 and 534000720.
67
What is the highest common factor of 232880565 and 30?
15
Calculate the highest common factor of 2988120 and 1000.
40
Calculate the greatest common divisor of 1397 and 1685959.
11
Calculate the greatest common factor of 230 and 156375160.
230
Calculate the highest common factor of 5951070 and 590.
10
Calculate the greatest common factor of 7 and 91826336.
7
Calculate the greatest common divisor of 2907 and 6396